hat are the prime factors of 183126?
2, 3, 23, 1327
What are the prime factors of 27505?
5, 5501
List the prime factors of 1667295.
3, 5, 7, 67, 79
List the prime factors of 59759.
7, 8537
What are the prime factors of 17100153?
3, 7, 1117
What are the prime factors of 813753?
3, 30139
What are the prime factors of 205867?
127, 1621
List the prime factors of 71387.
71387
List the prime factors of 3439753.
53, 64901
What are the prime factors of 4600033?
19, 239, 1013
What are the prime factors of 210628?
2, 11, 4787
List the prime factors of 1067660.
2, 5, 11, 23, 211
List the prime factors of 4757713.
4757713
What are the prime factors of 5786926?
2, 71, 83, 491
List the prime factors of 2144605.
5, 349, 1229
What are the prime factors of 16912409?
59, 286651
What are the prime factors of 12870678?
2, 3, 2145113
List the prime factors of 4298.
2, 7, 307
List the prime factors of 14392.
2, 7, 257
List the prime factors of 354868.
2, 79, 1123
List the prime factors of 1898736.
2, 3, 7, 5651
What are the prime factors of 3055761?
3, 163, 2083
What are the prime factors of 3504632?
2, 281, 1559
List the prime factors of 2568982.
2, 13, 98807
List the prime factors of 193521.
3, 251, 257
What are the prime factors of 14126852?
2, 3531713
What are the prime factors of 95715?
3, 5, 709
List the prime factors of 1646188.
2, 443, 929
What are the prime factors of 1426005?
3, 5, 7, 503
List the prime factors of 8829694.
2, 53, 83299
What are the prime factors of 1573680?
2, 3, 5, 79, 83
What are the prime factors of 3736799?
11, 61, 5569
List the prime factors of 1011478.
2, 13, 38903
What are the prime factors of 5689700?
2, 5, 56897
List the prime factors of 84395.
5, 16879
What are the prime factors of 1959436?
2, 449, 1091
What are the prime factors of 179582?
2, 13, 6907
List the prime factors of 47834.
2, 23917
What are the prime factors of 1131655?
5, 7, 31, 149
What are the prime factors of 1175126?
2, 587563
List the prime factors of 878073.
3, 7, 41813
What are the prime factors of 9438458?
2, 1153, 4093
List the prime factors of 2687082.
2, 3, 29, 15443
What are the prime factors of 751651?
29, 25919
What are the prime factors of 578775?
3, 5, 7717
What are the prime factors of 2124008?
2, 73, 3637
What are the prime factors of 6348651?
3, 29, 72973
List the prime factors of 124315.
5, 23, 47
What are the prime factors of 201645?
3, 5, 4481
List the prime factors of 72621.
3, 8069
List the prime factors of 226257.
3, 53, 1423
List the prime factors of 3339327.
3, 17, 41, 1597
What are the prime factors of 363910?
2, 5, 151, 241
List the prime factors of 3038050.
2, 5, 60761
List the prime factors of 148259.
37, 4007
What are the prime factors of 8799015?
3, 5, 586601
What are the prime factors of 19258212?
2, 3, 17, 67, 1409
What are the prime factors of 295351?
7, 42193
What are the prime factors of 87690?
2, 3, 5, 37, 79
What are the prime factors of 731237?
13, 56249
List the prime factors of 1106283.
3, 499, 739
What are the prime factors of 3384779?
3384779
What are the prime factors of 130831?
41, 3191
What are the prime factors of 7609193?
7609193
List the prime factors of 5282533.
5282533
List the prime factors of 2387403.
3, 31, 43, 199
What are the prime factors of 4819482?
2, 3, 267749
What are the prime factors of 8169875?
5, 7, 9337
What are the prime factors of 1197447?
3, 399149
List the prime factors of 2535865.
5, 23, 22051
List the prime factors of 119171.
13, 89, 103
List the prime factors of 15686.
2, 11, 23, 31
What are the prime factors of 3720064?
2, 29063
What are the prime factors of 1395259?
157, 8887
What are the prime factors of 825575?
5, 33023
What are the prime factors of 14744568?
2, 3, 271, 2267
What are the prime factors of 218849?
218849
What are the prime factors of 2078573?
7, 17, 17467
What are the prime factors of 9465175?
5, 17, 22271
List the prime factors of 5239767.
3, 13, 134353
List the prime factors of 2679230.
2, 5, 113, 2371
What are the prime factors of 8595492?
2, 3, 716291
List the prime factors of 2199535.
5, 13, 19, 137
What are the prime factors of 4744114?
2, 83, 28579
List the prime factors of 141076.
2, 13, 2713
What are the prime factors of 8485253?
7, 607, 1997
List the prime factors of 293262.
2, 3, 37, 1321
What are the prime factors of 55630?
2, 5, 5563
What are the prime factors of 3050373?
3, 71, 14321
What are the prime factors of 2994773?
1297, 2309
List the prime factors of 40655.
5, 47, 173
What are the prime factors of 27599765?
5, 31, 41, 43, 101
What are the prime factors of 144918?
2, 3, 83, 97
List the prime factors of 7913837.
149, 53113
What are the prime factors of 245778?
2, 3, 13, 23, 137
List the prime factors of 2735975.
5, 11, 9949
What are the prime factors of 15416797?
11, 73, 263
What are the prime factors of 127215?
3, 5, 11, 257
List the prime factors of 1475528.
2, 184441
List the prime factors of 1923265.
5, 211, 1823
What are the prime factors of 8355102?
2, 3, 7, 331, 601
What are the prime factors of 750094?
2, 113, 3319
List the prime factors of 7469048.
2, 233, 4007
List the prime factors of 463488.
2, 3, 17, 71
List the prime factors of 3952725.
3, 5, 7, 7529
What are the prime factors of 137690?
2, 5, 7, 281
List the prime factors of 668691.
3, 191, 389
List the prime factors of 1828685.
5, 487, 751
List the prime factors of 1064109.
3, 354703
List the prime factors of 4056710.
2, 5, 7, 17, 487
List the prime factors of 5462445.
3, 5, 53, 6871
List the prime factors of 1247217.
3, 19, 21881
What are the prime factors of 982260?
2, 3, 5, 17, 107
List the prime factors of 58390.
2, 5, 5839
List the prime factors of 25197340.
2, 5, 7, 179981
List the prime factors of 1986877.
29, 131, 523
List the prime factors of 6509913.
3, 19, 6011
List the prime factors of 50426.
2, 19, 1327
List the prime factors of 114525.
3, 5, 509
List the prime factors of 158996.
2, 39749
List the prime factors of 1431690.
2, 3, 5, 13, 3671
List the prime factors of 11835992.
2, 7, 241, 877
What are the prime factors of 742197?
3, 19, 29, 449
List the prime factors of 1890950.
2, 5, 59, 641
What are the prime factors of 13171895?
5, 11, 239489
What are the prime factors of 259869?
3, 29, 103
List the prime factors of 1829603.
829, 2207
List the prime factors of 469726.
2, 234863
List the prime factors of 440020.
2, 5, 7, 449
List the prime factors of 23603956.
2, 17, 313, 1109
What are the prime factors of 13122502?
2, 19, 345329
List the prime factors of 3986030.
2, 5, 277, 1439
List the prime factors of 157520.
2, 5, 11, 179
List the prime factors of 319276.
2, 19, 4201
What are the prime factors of 963560?
2, 5, 13, 17, 109
List the prime factors of 270858.
2, 3, 7, 6449
What are the prime factors of 2835841?
2835841
List the prime factors of 281857.
281857
List the prime factors of 623810.
2, 5, 11, 53, 107
List the prime factors of 1915195.
5, 67, 5717
What are the prime factors of 38087835?
3, 5, 2539189
List the prime factors of 2069356.
2, 23, 83, 271
List the prime factors of 1538558.
2, 7, 109897
What are the prime factors of 461258?
2, 7, 47, 701
List the prime factors of 1348178.
2, 13, 51853
What are the prime factors of 263721?
3, 17, 5171
What are the prime factors of 462067?
462067
List the prime factors of 17026459.
17026459
List the prime factors of 10211950.
2, 5, 7, 163, 179
List the prime factors of 32446555.
5, 6489311
What are the prime factors of 14917982?
2, 7458991
List the prime factors of 4884177.
3, 1628059
What are the prime factors of 10460540?
2, 5, 563, 929
List the prime factors of 12867029.
7, 1151, 1597
What are the prime factors of 7223791?
7223791
What are the prime factors of 11191791?
3, 13, 347, 827
List the prime factors of 241719.
3, 197, 409
List the prime factors of 2759563.
23, 119981
What are the prime factors of 23044793?
3853, 5981
List the prime factors of 175154.
2, 7, 12511
What are the prime factors of 2775797?
439, 6323
What are the prime factors of 2231514?
2, 3, 123973
What are the prime factors of 3659478?
2, 3, 609913
List the prime factors of 25932.
2, 3, 2161
What are the prime factors of 285510?
2, 3, 5, 31, 307
What are the prime factors of 343452?
2, 3, 28621
List the prime factors of 469128.
2, 3, 11, 1777
L